t is the tens digit of t(-8)?
2
Suppose 2 = 5*l - 8. Let i(t) = -l*t + 12*t**2 + 0*t**2 - 3 - 1 + 3. What is the units digit of i(-1)?
3
Let w = -260 - -418. Let m = w - 21. What is the hundreds digit of m?
1
Let u(q) = -2*q + 9. Suppose 0 = 6*s - 2 + 20. What is the units digit of u(s)?
5
Suppose 0 = -2*f - 2*m + 8, 0 = -f - 5*m + 1 + 23. What is the units digit of (-180)/(-8) - (f - (-2)/4)?
3
Let u(n) = -n + 24. Suppose -4*s - 2*c + 14 = -2*s, -3*s + 42 = -4*c. What is the units digit of u(s)?
4
Suppose -345150 = -46*s - 71*s. What is the units digit of s?
0
Let w(c) = -c**3 - 7*c**2 - 7*c - 5. Let j be (-1)/(4/24 - 0). Let x be w(j). What is the tens digit of 175/7 - x/1?
2
Let u(k) be the third derivative of k**6/120 + k**5/6 + 5*k**4/12 + 7*k**3/3 - 17*k**2. What is the tens digit of u(-8)?
6
Suppose -2*u = 4*c - 2 - 2, c = 5*u - 43. Suppose 0 = 3*p - 2*p - b + u, 3*p + 29 = 4*b. What is the units digit of 2/p - 23/(-3)?
7
Suppose -2*c + 137 + 115 = 0. What is the tens digit of c?
2
Let q be 1/(-1*1/25). Let l = q + 66. What is the units digit of l?
1
Let o = 0 + 3. Let d(n) = -2*n**2 + n**2 + 0*n**o + 2 + 2*n**2 - 2*n**3. What is the tens digit of d(-2)?
2
Suppose -46507 = -44*v + 51085. What is the units digit of v?
8
What is the tens digit of -7 + 315 + 1 + -3?
0
Let u(c) = -c**3 - 7*c**2 - c - 8. Let y be u(-7). Let v be y/(-5) + 4/5. What is the units digit of 2 - v*(-7)/1?
9
Let g be (2 - 2)*(-6)/12. Suppose g = -5*l - 2*h + 1352, -8*l + 269 = -7*l - h. What is the tens digit of l?
7
Let x(h) = 4*h**3 + 24*h**2 - 49*h + 11. Let z(c) = -c**3 - 6*c**2 + 12*c - 3. Let n(w) = -2*x(w) - 9*z(w). What is the tens digit of n(-6)?
6
What is the tens digit of 248/6 - 15*13/585?
4
Let a(d) = 109*d**2 - 17*d - 54. What is the tens digit of a(7)?
6
Let j = 800 + -401. What is the units digit of j?
9
Let j(z) = z**3 + 10*z**2 - 15*z - 8. Let v be j(-11). Suppose -v = t - 111. What is the units digit of t?
5
Suppose -34 = -a - 3*q, -2*q - q = -3. What is the units digit of a?
1
Let r(l) = 475*l**2 - 2*l - 2. What is the hundreds digit of r(-1)?
4
Suppose -g + 5 = 0, 2*y + 3*g - 5*g + 10 = 0. Suppose 0 = -2*x - 4*l - 4, -5*l = -y*x + x + 11. Suppose x*j - 171 = j. What is the tens digit of j?
5
Suppose 7*p = 27*p - 940. What is the units digit of p?
7
Let k = -8 - -4. Let l(x) = 1 + 0*x + 0 + 218*x**2 + x - 216*x**2. What is the units digit of l(k)?
9
Let k = -3 - -3. Suppose k*g - g = 30. Let h = 55 + g. What is the tens digit of h?
2
Suppose 5*f + 4*a - 9987 = -3038, -3*a - 1405 = -f. What is the thousands digit of f?
1
Suppose 0 = -2*t + 6*t - 12. Suppose -15 = t*z - 144. What is the tens digit of z?
4
Let r = 1 + -6. Let u = 9 + r. Suppose s - 12 = u. What is the tens digit of s?
1
Suppose z - 3 = 2. Suppose -4*c - 2*k - 30 = -z*c, 2*c + 3*k = 53. What is the tens digit of c?
2
Let c be (11 + 1)*78/4. Suppose 2*j = 5*j - c. What is the tens digit of j?
7
Suppose -10 = -2*d - 6. Suppose 0*l + 6 = 2*l, -3*k = d*l - 183. What is the units digit of k?
9
Let l(t) = 4*t**2 - 30*t - 39. What is the hundreds digit of l(-10)?
6
Suppose 5*m - 11 = 14. Suppose 0 = -m*n - 5*z + 200, 2*n + 0*n - 3*z - 90 = 0. What is the tens digit of n?
4
Let b = 1323 - 349. What is the tens digit of b?
7
Let s = -5378 - -10572. What is the hundreds digit of s?
1
Suppose -207 = -2*d - 1. Let b = -42 + d. Suppose 29*u - b = 28*u. What is the tens digit of u?
6
Let q = -9 - -5. Let y(u) = u**2 + 5*u + 7. What is the units digit of y(q)?
3
Suppose 0 = -10*o - 2*o - 60. Let k(i) = -25*i + 1. What is the units digit of k(o)?
6
Let q = -210 - -890. What is the hundreds digit of q?
6
Suppose f = -21 + 204. Let s = f + -97. What is the tens digit of s?
8
Let o = -51 + 175. What is the units digit of o?
4
Suppose 305 = 3*t - 4*q, -3*t + 135 + 158 = 2*q. Let l = t - 3. What is the units digit of l?
6
Suppose 48 = -11*l - l. Let o(b) = b - 2*b - 6*b**2 - b - 2 - 2*b**3. What is the tens digit of o(l)?
3
Suppose -n = 20*w - 22*w - 2713, -n = 4*w - 2683. What is the tens digit of n?
0
Suppose 5*j = w + 230, 2*w + 0*w + 460 = -4*j. Let k = 345 + w. What is the tens digit of k?
1
Suppose 6 = 2*k, -608 - 208 = -3*a + 3*k. Suppose -4*d = -a - 497. What is the units digit of d?
3
Suppose -6*r = 3*r - 2898. What is the tens digit of r?
2
Let y(w) = -w**2 + w + 6. Let c be 6/2 - (-2 - -3). Let i = c + -2. What is the units digit of y(i)?
6
Let s(o) be the first derivative of -o**4/4 - 8*o**3/3 - 5*o**2/2 + 34*o + 24. What is the tens digit of s(-7)?
2
Let b be ((-10)/(-3))/((-6)/(-9)). Suppose r - 2*y - 84 = -r, r = b*y + 38. What is the tens digit of r?
4
Suppose w + 3*w - 44 = 0. Suppose -683 + 2223 = w*r. What is the units digit of r?
0
Suppose -2*n + 2*g - 4 = -n, 2*n + 8 = g. Let l be (n - -4) + 0 - -168. Suppose -4*v + v = -l. What is the tens digit of v?
5
Let t be (-3)/15 - 72/15. Let b be 4/t*50/(-20). What is the units digit of (1/b)/((-3)/(-84))?
4
Let x(p) = p**2 + 10*p - 20. Let f be x(-8). What is the tens digit of f*(2 + 30/(-8))?
6
Suppose 0 = 5*l + 3*w + 2, -w - 3*w - 22 = -3*l. Suppose -d - 3*d + l*p + 442 = 0, 0 = 4*d + 5*p - 477. What is the units digit of d?
3
Suppose 3490 = 5*u - 3*p + 1028, -5*p = -u + 488. What is the units digit of u?
3
Let r(g) = 224*g**2 + 14*g + 33. What is the hundreds digit of r(-2)?
9
Let p = -1414 + 2892. What is the units digit of p?
8
Let j = 9085 + -5302. What is the units digit of j?
3
Let q be (112/(-5))/4*-10. Suppose 3*j - g - 42 = -0*g, -5*j + q = 3*g. Let h = j - 8. What is the units digit of h?
5
Let s = 16 - 9. Suppose 5*p - 83 = s. What is the tens digit of p?
1
Suppose 43 + 13 = 8*r. Suppose 2*p = 419 - r. What is the hundreds digit of p?
2
Suppose 0 = -13*v + 400 + 3110. Suppose 4*y = n - 80, 3*n = -0*y + 2*y + v. What is the units digit of n?
2
Let p(a) = -a**3 - 7*a**2 + 10*a - 12. What is the units digit of p(-9)?
0
Let j(i) = -10*i + 57. Suppose -19*c + 31*c = -216. What is the hundreds digit of j(c)?
2
Let o be 60/(4/16*4). Suppose -5*k + o = -k. What is the tens digit of k?
1
Let q(c) = c**3 - 2*c**2 - 5*c + 7. What is the tens digit of q(8)?
5
Let d(z) = z + 9. Let k be d(-10). Let o(m) = 2*m**3 + m**2 + m. Let h be o(k). Let u(a) = a + 3. What is the units digit of u(h)?
1
Let c(g) = -g**3 - 5*g**2 - 2*g + 3. Let x be c(-5). Suppose 5*j - x = 12. Suppose j*i + 70 = 2*t, 3*i + 35 = t - 0*t. What is the tens digit of t?
3
Let j = 371 + 16. What is the units digit of j?
7
Suppose 6*m = m - 75. What is the units digit of ((-10)/m)/((-4)/(-138))?
3
Let t(r) = -3*r**2 - 10*r + 1. Let w be t(7). Let g(y) = -y**3 + 8*y**2 - 17*y + 2. Let x be g(4). What is the units digit of (-4)/(w/105 - x)?
0
What is the tens digit of 2098*-1*(6 - (-52)/(-8))?
4
Suppose -5*m - 2*q = -666, -3*m + 124 = -q - 269. Suppose 2*l = -l - m. What is the units digit of l/(-3) - (-2)/(-3)?
4
Let i(v) = 16*v + 164. Let j be i(-10). Let g be (12/(-15))/(2/(-5)). Suppose -j*b = -g*b - 56. What is the units digit of b?
8
Let q be (18/8)/((-8)/(-32)). Suppose 0 = -5*n + q + 6. What is the units digit of (4/3)/(1/n)?
4
Suppose 4*g - 2109 = -5*p, p + 4*g = 2*g + 417. What is the tens digit of p?
2
Let d(c) = 21*c**3 - 2*c**2 + 4*c - 6. What is the tens digit of d(2)?
6
Suppose 65*d = 56*d + 17532. What is the hundreds digit of d?
9
Let r(a) = 51*a - 5. What is the tens digit of r(6)?
0
Let p = -79 - -123. Let u = 21 + p. What is the units digit of u?
5
Suppose -2*k - 14 + 12 = 0. Let q be 44/6*(-3)/(-1). Let m = q + k. What is the tens digit of m?
2
Let n(f) = 2*f**2 + 6*f - 36. What is the tens digit of n(-16)?
8
What is the units digit of -110*((-36)/8 + 3)?
5
Suppose 0 = -d + 326 + 1175. What is the thousands digit of d?
1
Let y(z) = 14*z**2 + 4*z + 3. Let p(a) = -29*a**2 - 7*a - 5. Let v(i) = -4*p(i) - 7*y(i). Let t be 1/7*(-11 - -18). What is the tens digit of v(t)?
1
Suppose -10 = -5*b, -5*v - 5*b = -55 - 235. Suppose -v = -u - 8. What is the units digit of u?
8
Suppose 3*t + f + 22 = -3*f, -17 = 2*t + 5*f. Let q(w) = -w**3 - 6*w**2 + 10*w - 2. Let n be q(t). Let h = n + 109. What is the tens digit of h?
4
Suppose -2*v = g - 7257, -2*v + 7254 = -9*g + 7*g. What is the hundreds digit of v?
6
Suppose x - 3*p = 5*x - 10565, 3*p = x - 2660. What is the hu